*v + 360. What is the greatest common factor of v and 24?
24
Let j be (-48)/(-9) + (-4)/(-6). Suppose p - 3*r - j = 6, -4*p = 4*r + 16. Suppose p = h + 27 - 159. What is the greatest common divisor of 12 and h?
12
Suppose 4*n = -2*o + 24 + 2, -10 = -5*n. Let r = o - 4. Suppose s - r*s = -76. What is the highest common divisor of s and 171?
19
Let n = 3 - 3. Suppose b - 22 = -n*f - 2*f, 5*b - 40 = -3*f. Let x be (24/f)/(3/50). Calculate the greatest common divisor of 60 and x.
20
Let f(c) = c**3 + 8*c**2 + 7*c + 9. Let s be f(-7). What is the highest common divisor of 1 and s?
1
Let m(u) = -u + 2*u + 0*u - 2. Let q be m(2). Let p = 2 + q. Calculate the greatest common factor of p and 1.
1
Suppose 10 = 5*t, 0*k - k - 4*t = -18. Let m = k + 4. Let u be m*(3 + 4/2). What is the highest common factor of 7 and u?
7
Let g(v) = v**2 + 7*v + 11. Let m be g(-5). What is the highest common factor of m and 2?
1
Let c = -40 - -76. Let m = 54 - c. Suppose 6*r - j - 41 = r, -5*j - 16 = -4*r. Calculate the highest common factor of r and m.
9
Let f = -5 + 5. Let z be (f - (-3 - -7))/(-2). Calculate the greatest common factor of z and 3.
1
Let r be 3/4*-13*-4. What is the greatest common divisor of 6 and r?
3
Let s(o) be the third derivative of 19*o**4/24 - o**3/6 + o**2. Let r be s(3). Let b = -16 - -24. What is the greatest common factor of b and r?
8
Let b = -7 + 5. Let s be ((-43)/b - 2)*2. What is the highest common factor of s and 26?
13
Let c be -20*(-2 - 6/(-8)). Let r = 65 + -15. Calculate the greatest common divisor of r and c.
25
Suppose 3*g + 4*o - 274 = 0, -5*g = 4*o - 9*o - 410. Suppose g + 24 = 2*c - 4*m, -5*c + 4*m + 257 = 0. What is the highest common factor of c and 7?
7
Let z be (2/4 - 0)*(-16)/(-8). Suppose 2*i + u - 35 = -4*u, -3*i - 4*u + 42 = 0. Calculate the greatest common factor of z and i.
1
Let h(x) = x**2 + 9*x + 12. Let k be h(-8). Suppose -k*i + i = 0. Let c be 11/(-2)*(i + -2). What is the greatest common factor of 11 and c?
11
Suppose 2*y - 15 = -3*y. Let h be (-1 + y)/(-2)*6. Let p(g) = 3*g**2 + 9*g + 6. Let j be p(h). Calculate the highest common divisor of 24 and j.
12
Let u(o) = -16*o**3 - 2*o**2 - 3*o. Let m be u(-2). Suppose -16 = -0*w - 4*w. Suppose w*a = 91 - 35. Calculate the greatest common divisor of a and m.
14
Let s be 7/((-196)/(-24))*147. Let r = 30 + -12. Calculate the highest common divisor of r and s.
18
Let j be (-4)/14 - 340/(-14). What is the greatest common factor of j and 144?
24
Let g = -1 + 1. Suppose -4*o = 4*a - 148, g = 2*a + 3*o - 51 - 18. Suppose 0 = -r + 7 + 7. Calculate the greatest common divisor of a and r.
14
Let c(u) = 3*u + 29. Let j be c(-8). What is the highest common divisor of 50 and j?
5
Suppose -2*z + 4 = -0. Let q be (1/z)/(5/50). Calculate the greatest common divisor of q and 25.
5
Suppose -2*p + 51 + 49 = 0. Calculate the highest common divisor of 5 and p.
5
Suppose 87*x = 89*x - 256. What is the highest common divisor of 16 and x?
16
Suppose -34 + 8 = -13*j. Calculate the greatest common divisor of 2 and j.
2
Let j be (-95)/10 + (-1)/(-2). Let t(s) = -4*s - 3. Let q be t(j). Let m = 15 + q. What is the highest common divisor of 32 and m?
16
Let x be (-714)/(-45) - (-10)/75. What is the highest common divisor of 2 and x?
2
Suppose 4*i = 5*i. Let p be 3/(-3 - i) + 49. Suppose -3*x = x - p. Calculate the highest common divisor of 18 and x.
6
Let d(c) = -c**3 - 4*c**2 - 2*c - 1. Let s be d(-4). Calculate the highest common factor of s and 21.
7
Let l be ((-3)/2)/(1/(-2)). Calculate the greatest common factor of 2 and l.
1
Let t be 2/(-1) - 1/1. Let x be (-1)/t + (-119)/(-3). Suppose -4*w = -3*w - x. What is the highest common factor of 10 and w?
10
Suppose 3*x - 3*w = 33, -x - 2*w + 15 + 8 = 0. Let g = x - -35. Calculate the highest common factor of 125 and g.
25
Suppose -2*p - 125 + 633 = -2*a, 3*a + 509 = 2*p. Calculate the highest common divisor of 23 and p.
23
Let y be -2 + 1 + 0 - -5. Suppose a + 9 = -y*z, 2*a + 5*z + 14 = a. Suppose 3*l = i + 24, -a = -l + i - 3. What is the highest common divisor of 20 and l?
4
Let i(n) = -n**2 - 17*n - 13. Let p be i(-10). Calculate the greatest common factor of 38 and p.
19
Let x(k) = -3*k + 30. Let m be x(9). What is the greatest common factor of 3 and m?
3
Suppose -4*l + 21 = -2*y + 1, 0 = -5*l + 4*y + 19. Suppose l*o - 2*o - 90 = 0. What is the highest common divisor of o and 45?
9
Let l(u) = 2*u**2 + u - 6. Let j(d) = d**3 + 5*d**2 + 4*d + 3. Let h be j(-4). Let a be l(h). What is the highest common factor of a and 75?
15
Let o(a) = 45*a**2 + 1. Let j be o(2). Suppose -w - 4*h = 4*w - j, 4*h + 116 = 4*w. Calculate the greatest common factor of w and 11.
11
Suppose 0*q + 2*q - 210 = 0. Calculate the highest common divisor of 15 and q.
15
Let d = 15 - 5. What is the greatest common factor of d and 70?
10
Let j(b) = -b**2 - 10*b + 10. Let o be j(-11). Let w be o/2 - 46/(-4). Let n be -11*2*3/(-2). Calculate the highest common divisor of n and w.
11
Let s(h) = -h**2 - 9*h - 12. Let d be s(-8). Let t = d - -6. Let x(f) = 10*f**2 + f - 2. Let p be x(t). Calculate the highest common factor of 16 and p.
8
Let y(l) = l**2 + l - 8. Let b be y(0). Let v be (6/b)/((-2)/8). Calculate the greatest common divisor of 24 and v.
3
Let v(k) = k**2 - 7*k - 6. Let i be v(8). What is the highest common divisor of 2 and i?
2
Let f(s) = -s**2 - s + 96. Let a be f(0). Let v = 13 + 11. Calculate the greatest common divisor of v and a.
24
Suppose z - 266 = -156. What is the highest common divisor of 44 and z?
22
Let c(k) = 2*k**2 + 17*k**3 + 1 + 2*k**2 + k - 3*k**2. Let r be c(2). Calculate the greatest common factor of 13 and r.
13
Let a = 21 - 13. Let k be (-4)/a + (-9)/2. Let m = 21 - k. What is the greatest common divisor of 65 and m?
13
Suppose -4*z = -5*f - 63 + 223, -5*z = f - 32. What is the highest common factor of 80 and f?
16
Let g = -45 - -61. What is the greatest common divisor of g and 128?
16
Let n be (20/3)/(-5)*-3. Suppose -2*c + 67 = -n*u + 423, -2*u - 3*c + 170 = 0. Let v = 1 - -7. Calculate the highest common divisor of v and u.
8
Let f be 3/5 - (-74)/10. Calculate the highest common factor of 104 and f.
8
Let u(a) = -a**3 + 7*a**2 - 5*a - 4. Let m be u(6). Let j(q) = 3*q + 2. Let z be j(2). Calculate the greatest common divisor of m and z.
2
Let f = -49 + 99. Suppose 1 = 2*w - 39. Calculate the greatest common divisor of w and f.
10
Suppose -3*v + 14 + 21 = 2*s, -s - 54 = -5*v. Calculate the highest common factor of 11 and v.
11
Let v(s) be the third derivative of 0*s - 2/3*s**4 - 4*s**2 + 0*s**3 + 0. Let p be v(-1). What is the highest common divisor of 48 and p?
16
Let i be 3/2*56/(-21). Let b be -6 - i - -1 - -8. What is the highest common factor of 35 and b?
7
Suppose -4*n + 220 + 20 = 0. What is the greatest common factor of 15 and n?
15
Let s(k) = 2*k**2 + 4*k - 1. Let z be s(-8). Suppose -n = 3*i - z, 2*n + 60 + 20 = 3*i. Calculate the greatest common divisor of i and 10.
10
Let l = 6 + 0. Let x be 6/(-9)*1*-3. Let s = x - -1. Calculate the highest common factor of s and l.
3
Let t = 8 + -14. Let s = -11 - t. Let p(b) = 8*b**2 + 3*b + 4. Let d be p(s). Calculate the greatest common factor of d and 21.
21
Let x be (-96)/(-20)*40/6. Calculate the highest common divisor of 8 and x.
8
Suppose -8*s + 9*s = 24. What is the highest common factor of 60 and s?
12
Let m = 17 + -17. Suppose p - 4*t - t - 37 = 0, m = -3*t - 3. Let n(v) = v**3 - 3*v**2 - 3*v. Let o be n(4). Calculate the greatest common divisor of o and p.
4
Suppose 0*i - 2*i = 100. Let w be (6/(-5))/(15/i). What is the greatest common factor of 44 and w?
4
Let w(k) = 75*k**2. Let a be w(-1). What is the greatest common divisor of a and 50?
25
Let w(x) = 13*x**2 + 2*x - 1. Let q be w(1). What is the highest common factor of q and 42?
14
Suppose -2*h + n + 33 = 0, -80 = -5*h - 0*h + 5*n. Calculate the greatest common factor of 187 and h.
17
Let a = 154 - 107. What is the highest common factor of 235 and a?
47
Suppose -8*j = -4*j - 88. Let h = j - 12. Calculate the greatest common divisor of h and 25.
5
Let v(u) = u**3 + 7*u**2 - 3*u - 6. Let w be v(-7). What is the highest common divisor of 60 and w?
15
Suppose 16 = -4*b, 5*z = -5*b + 92 - 22. Calculate the highest common divisor o